Let z(d) = 4*d**2 - 6 + 2*d**2 - 5396*d**3 - 4*d + 5397*d**3. Calculate the remainder when 202 is divided by z(-4).
34
Let b(v) = 3*v**2 - 5*v - 4. Let d(l) = l**2 - 6*l - 23. Let r be d(-3). Calculate the remainder when 119 is divided by b(r).
23
Let p(w) = 29*w - 245. What is the remainder when 177 is divided by p(10)?
42
Let g = -84 - -132. Suppose 0 = -0*b - 5*b. Suppose b = y - 11 + 1. What is the remainder when g is divided by y?
8
Suppose -16209 = 27*l - 30*l - 3*n, 2*l - 10818 = -5*n. What is the remainder when l is divided by 23?
17
Suppose -3*f + 5*b + 45 = 0, 0*f = 3*f - 4*b - 48. Let s(q) = 7*q + 32. Let v be 3 - (4/(4/1) - 13). Calculate the remainder when s(v) is divided by f.
17
Suppose -55*a - 167 = -1927. Suppose 17 = -3*b - 5*y, 0*b - 2*y - 4 = 4*b. What is the remainder when a is divided by b?
0
Suppose -47*a - 118 = -48*a. Suppose 0 = -p + 32 + 8. Calculate the remainder when a is divided by p.
38
Calculate the remainder when 67 is divided by (2/(-2))/(8/(-136)) + 0/7.
16
Suppose -8*x + 920 = 7*x + 230. Suppose 3*j - m = -2*m + 46, 0 = -5*j - 5*m + 70. What is the remainder when x is divided by j?
14
Let x(h) be the first derivative of -9*h**2/2 + 146*h + 17. Calculate the remainder when x(12) is divided by 8.
6
Calculate the remainder when 559 is divided by (0 - -2)*(-2)/4*(-854)/61.
13
Let f(t) = -t**3 - 12*t**2 - 28*t + 11. Let z be f(-10). Suppose -z = -18*a + 395. Suppose 0 = -6*u + u + 30. What is the remainder when a is divided by u?
3
Suppose -39 = -8*y - 7. Suppose -y*w = w. Suppose -4*q - 20 = -3*f + 51, w = 4*f + 5*q - 43. What is the remainder when 46 is divided by f?
12
Let g be (19 - 22)/(2/70). Calculate the remainder when 67 is divided by 4/(4 - -4) + g/(-6).
13
Let j = 19 + -23. What is the remainder when ((-8)/5)/j - 5523/(-105) is divided by 14?
11
Let h(d) = -d**3 - 3*d**2 + 3*d - 1. Calculate the remainder when h(-5) is divided by (-693)/(-36)*(-104)/(-143).
6
Suppose -3048 + 27618 = 390*s. Let p(h) = 7*h. Calculate the remainder when s is divided by p(5).
28
Let b = 8745 + -8703. Let t(f) = -7*f + 8. Calculate the remainder when t(-5) is divided by b.
1
Calculate the remainder when 4181 is divided by 4/36 - ((-6870)/27)/5.
50
Let v be 1 + -5*(-30)/25. Suppose -2*s + v = o, 2*o - 24 = 5*s + 35. Let j(c) = c**3 - 3*c + 3. What is the remainder when o is divided by j(2)?
2
Suppose -142*w - 138*w + 278*w = -176. What is the remainder when 420 is divided by w?
68
Let q(f) = 3*f + 114. Let a be q(-16). Let x = 94 - a. Calculate the remainder when 109 is divided by x.
25
Let j be (-12)/(-2 + (-24)/(-18)). What is the remainder when 103 is divided by -21*1*(-30)/j?
33
Suppose -1017 = -3*o + l, 6*l + 1703 = 5*o + 7*l. What is the remainder when 32 is divided by (-6)/((-142)/o + (-52)/(-442))?
12
Suppose 0 = 16*b - 14*b - 16. Suppose -3*j = -b - 1. Suppose 31 - 340 = -j*c. Calculate the remainder when c is divided by 13.
12
Let x(g) = g + 10. Let c be x(-8). Let w be (3/(-18)*c)/(2/(-6)). Suppose 0 = -2*q - 3 + w, 5*q = -d. Calculate the remainder when 10 is divided by d.
0
Suppose -563 = -4*d + 381. Calculate the remainder when d is divided by (68/(-5))/((-3)/(4*(-105)/(-56))).
32
Let z = 1771 - 1713. What is the remainder when (-141)/(5/(-10) + -1) is divided by z?
36
Suppose 2*p - 5682 + 426 = -4*o, p + 5*o = 2646. Calculate the remainder when p is divided by 42.
12
Let u = 36 - 40. Let b be u/18 + (-101)/(-9). Let k = 28 - b. What is the remainder when k is divided by 5?
2
Let t = -29 - -259. Let c = 254 - t. Let i(u) = u**2 - 2*u + 6. Calculate the remainder when c is divided by i(4).
10
Let l(v) = -v**3 + 15*v**2 - 12*v + 7. Let m be l(14). Let q = 43 + m. What is the remainder when q is divided by -6*(-20)/9*3?
38
Let k(g) = g**3 + 18*g**2 - 12*g - 63. Let y be k(-18). Suppose y*s = 160*s - 77. What is the remainder when 24 is divided by s?
2
Suppose 4*x + 65 = 4*v + x, -2*x + 2 = 0. Let q(h) = 5*h**2 + 136*h - 689. Calculate the remainder when q(5) is divided by v.
14
What is the remainder when 11/2*6127876/7513 is divided by 17?
15
Let o(b) = b**2 + 116*b + 803. Calculate the remainder when 194 is divided by o(-7).
34
Suppose -2*o = 10, -8*o = 4*s - 5*o - 1. Suppose -s*n = -10*n + 42. Calculate the remainder when 46 is divided by n.
4
Suppose -m - 4*i + 277 = 0, -323 + 52 = -m - 2*i. Calculate the remainder when m is divided by 31.
17
Let z = 50 - 50. Suppose z = -3*s + q + 2*q + 6, -3*s - 2*q = -16. Suppose 4*f - 2*k = 52, k - 21 - 37 = -s*f. What is the remainder when f is divided by 8?
6
Let y(j) = j**2 - 9*j - 24. Let t = -83 + 85. Let l = 15 - t. Calculate the remainder when y(l) is divided by 6.
4
Let s(i) = -2*i + 4. Suppose -2*y = -2*w - 3*y - 11, w - y = -13. Calculate the remainder when s(-6) is divided by w/14 + 138/21 + -1.
1
Let o(t) = -t**2 + 2*t + 25. Let r be o(0). Suppose 0 = r*m - 5*m - 380. What is the remainder when 93 is divided by m?
17
Let t = 190 - -401. Suppose 4*w + 4*s - 1200 = 0, -11*s + t = 2*w - 6*s. What is the remainder when w is divided by 34?
31
Let n(p) be the second derivative of 2*p**2 - 1/20*p**5 + 0 + 3*p**3 + 24*p + 7/12*p**4. Calculate the remainder when n(8) is divided by 22.
18
Suppose 370 - 220 = 3*f. Suppose f*u - 45*u - 55 = 0. What is the remainder when 138 is divided by u?
6
Let x(v) = -6648*v - 26581. What is the remainder when 98 + (0/(-2))/1 is divided by x(-4)?
10
Let l(i) = 5*i**2 - i + 42. Calculate the remainder when l(6) is divided by 85.
46
Suppose 5*d - 6 = 14. Calculate the remainder when 138 is divided by (-2358)/(-117) - d/26.
18
What is the remainder when 97 is divided by 634/10*1 - ((-624)/40 + 16)?
34
Let b be 5 - (-2 - -1 - (-10 - -4)). Let v(x) = 89*x**2 + x. What is the remainder when v(-1) is divided by ((-18)/(-8) - b)*(-90 + 98)?
16
Suppose 0 = -68*g + 1083215 - 257491. Calculate the remainder when g is divided by 22.
21
Let k(c) = 9*c**2 - 10*c - 21. Let a be k(-4). Let r = a - 134. What is the remainder when 111 is divided by r?
24
Suppose n = 10*n - 288. Suppose 36 = -j - 2*c, -4*j + c - 148 = n. Let k = j - -49. What is the remainder when 13 is divided by k?
3
Let w = -6338 - -6445. Calculate the remainder when w is divided by 28.
23
Let k(g) = 3 + 14*g - 34*g + 9 + 19*g. What is the remainder when 204 is divided by k(4)?
4
What is the remainder when 1424 is divided by (-690)/(-55) + (-102)/187?
8
Calculate the remainder when 545 + 4 + -4 - (-35 + 31) - -9 is divided by (0 - -13) + (-3)/(-3).
12
Let m(y) = -y - 5*y - y + 21 + 6*y. Let x(q) = -2*q**2 - 33*q + 108. Calculate the remainder when m(0) is divided by x(-19).
8
Let o be 365 + (-2)/2 + -23 + 22. Let c = 371 - o. Calculate the remainder when 55 is divided by c.
7
Let h(p) = 2*p**3 - 54*p**2 - 50*p - 140. Suppose -3*g - 4*r + 58 = 2*g, -3 = r. What is the remainder when h(28) is divided by g?
0
Calculate the remainder when (-56100)/(-595) - (3 - (-57)/(-21)) is divided by 12.
10
Suppose 25 = -5*k, 5*p - k = 2*k - 35. What is the remainder when 12/6*1/(p/(-545)) is divided by 19?
14
Suppose 0 = 4*v - v - 96. Suppose 4*k - 6*h - 2146 = -5*h, 3*h - 2674 = -5*k. Let z = k - 410. Calculate the remainder when z is divided by v.
30
Suppose 4*i = 572 + 196. Calculate the remainder when 4*-1 + 2 + 90 is divided by i/112*(-42)/(-4).
16
What is the remainder when 574 is divided by (-8 - -4)*513/42*7/(-6)?
4
Suppose -26 = -0*t - t - 3*b, 5*t - 143 = -2*b. What is the remainder when ((-2808)/18)/13 - -123 is divided by t?
24
Suppose 5*r = 5*y - 174 + 24, 2*y + 5*r - 95 = 0. Let m = 9 - 6. What is the remainder when y is divided by m?
2
Suppose -187*v + 183*v = -380. Suppose -41 = 2*f - v. What is the remainder when 160 is divided by f?
25
Let g = -112 - -72. Let u = g - -262. Suppose 3*r = -3*r + u. Calculate the remainder when r is divided by 10.
7
Let j(y) = 11*y**2 + 8*y + 188 - 2*y**3 + y**3 - 171 - 4*y**2. What is the remainder when j(8) is divided by 4?
1
Suppose -4*b = b - x - 86, -4*b + 63 = 5*x. Let a = b - 17. Suppose w + 9 = -a*u + u, 28 = 3*u - 2*w. Calculate the remainder when 19 is divided by u.
9
Let p(g) = -g**2 - 7*g + 40. Let o = 200 + -197. What is the remainder when 149 is divided by p(o)?
9
Suppose v - 16 = 5*g + 22, -2*g = -2*v + 68. What is the remainder when 